 g. Is t a prime number?
True
Suppose -f + 0*f = 0. Let j(v) = 2*v + 141. Is j(f) a prime number?
False
Let c be (-6 + 3)*-1 + 3. Let z be c/21 - 183/(-21). Let k = z + 37. Is k a composite number?
True
Let c be (-6 - -2)/(6/15). Let w be 986/18 - c/45. Suppose -7*q + w = -2*q. Is q a composite number?
False
Suppose 52 = 4*i - 2*s, -3*i + 4*i - s - 15 = 0. Suppose -i = -6*m + 7255. Is m a composite number?
True
Let p be (-520)/24*(-543 - -3). Suppose n = 3*v + 876 - 9659, -4*n = 4*v - p. Is v a composite number?
False
Let x be ((-192)/(-18))/((-1)/3). Let y = 89 - x. Is y a composite number?
True
Let c(v) = -3*v**2 - 3*v - 13. Let w(j) = j**3 + 2*j**2 + 3*j + 14. Let b(x) = 3*c(x) + 4*w(x). Is b(7) a prime number?
True
Let i(h) = -34*h + 2. Let x be i(-3). Let f = 369 + x. Is f composite?
True
Let h(s) = -s + 13. Let y be h(7). Suppose -26 + y = -5*c. Suppose 0 = -c*q - 0*q + 76. Is q a composite number?
False
Is (-205178)/(-2) - (-10 - (-19 + 7)) a composite number?
False
Suppose -32*t = -29*t - 22107. Is t composite?
False
Let l(p) = -8*p**3 - 3*p**2 - 4*p - 10. Let c = -51 - -48. Is l(c) composite?
False
Let v(g) = 838*g**2 + 6*g + 19. Is v(-2) composite?
False
Is ((-42)/(-49))/(-6) + 59228/7 prime?
True
Suppose 25*d - 44588 = 116637. Is d composite?
False
Let j = 10134 - 2503. Is j a composite number?
True
Is 44932/60 - (-18)/135 a prime number?
False
Let l = 8 + -14. Let k(p) = -p**3 - 5*p**2 + 4*p - 8. Let t be k(l). Suppose -4*j = 2*c + 8, 15 + 5 = -t*j. Is c prime?
False
Suppose 6*c = 7*c + 17. Let x = -14 - c. Suppose -x*f - 4*m + 2381 = 0, -f - m + 640 = -153. Is f a prime number?
False
Suppose 5 = k - 4*c - 9, -k - c = 1. Let h be (k + -3)/(5 + -4). Is 0 + h + 4 - -188 prime?
True
Suppose 77 = 6*q - q + r, 4*r + 92 = 5*q. Is 1142/(-3)*((-312)/q)/13 composite?
False
Suppose -22635 = -3*h - y - 4421, 0 = 4*h - 2*y - 24282. Is h a composite number?
True
Suppose -19*b + 20*b - 84 = 0. Is (-2)/14 - -3*11512/b a prime number?
False
Let y be (4 - 0) + 4/(-1). Let h be (-185)/((-5 - -4) + y). Suppose 2*b - 237 - h = 0. Is b composite?
False
Suppose 0 = -7*c + 101651 + 126892. Is c a prime number?
False
Let g = 3934 - 1961. Is g a prime number?
True
Let x = -30170 + 50881. Is x a composite number?
True
Suppose 0 = 4*t + 5*b - 8374, -4*t + 3*b = -2*b - 8354. Let z = t - 977. Is 2/(-6) - z/(-3) a prime number?
False
Is ((-3434)/(-6))/(2/18*3) prime?
False
Let o(j) = j**2 - 16*j - 20. Let v = -43 - -26. Is o(v) a prime number?
True
Suppose 0 = -4*k - 4*n + 2212, 0 = -2*n - 3 - 1. Suppose 3*d - 6*d = -k. Is d prime?
False
Let t(q) be the first derivative of q**6/120 - 2*q**5/15 + q**4/24 + 13*q**3/6 + 11*q**2/2 + 15. Let d(a) be the second derivative of t(a). Is d(10) composite?
False
Suppose 0 = -m + 3*m - 4306. Is m prime?
True
Let h(u) = -u**3 - 5*u**2 - 5*u + 6. Let f be h(-5). Suppose y - f = -0*y. Is y a composite number?
False
Let r(b) = -624*b - 1. Let h(j) = -j - 7. Let v be h(-6). Let t be r(v). Suppose 0 = -0*s + s - t. Is s composite?
True
Let j = -9 + 12. Suppose 4*i - i = 3*m - 12, i = j*m - 8. Suppose 2*y = u - 357, m*u - u - 355 = y. Is u composite?
False
Suppose -4*n + 1695 = -777. Suppose -233 = -p - d + 397, -p - 5*d = -n. Is p a prime number?
False
Suppose 0 = -4*g + 1 + 11. Let c(r) = 102*r**3 - 3*r**2 + 2*r - 4. Is c(g) a composite number?
False
Let q = -54903 + 80840. Is q prime?
False
Suppose l - 4520 = 5*n - 1603, -4*n + 11572 = 4*l. Is l composite?
False
Let i(u) = -u**2 - u + 1. Let j(q) = 3*q**2 + q - 9. Let w(x) = -4*i(x) - j(x). Let b be w(-3). Suppose b*o = 1502 - 417. Is o prime?
False
Suppose 2*c - 5*c + 6 = 0. Is (3 - 2)/(((-4)/(-46))/c) composite?
False
Suppose 0 = -2*u - s - 1, -4*u - 4*s - s - 11 = 0. Suppose 0*m + 1790 = 5*m. Is (4 - u)*m/6 composite?
False
Is 111/39 + -3 + (-72819)/(-39) prime?
True
Let f(a) = -2310*a + 6. Let l be f(-6). Suppose -l - 3484 = -10*r. Is r prime?
False
Let y = -558 + 551. Suppose -10 = u + 18. Is (-237)/(-4) - y/u a prime number?
True
Is 1 + 154352/7 + 24/(-84) prime?
True
Let u = -92 + 88. Let v(m) = -111*m + 13. Is v(u) a prime number?
True
Let x(v) = -786*v**3 - v + 97*v**3 + 251*v**3 - 820*v**3 - v**2 + 1. Is x(-1) composite?
False
Let y(i) = 456*i - 905. Is y(22) a composite number?
False
Is (-1 - 2) + 9036 + -7 a prime number?
False
Let u = 859 - -889. Suppose 3*f = z - 2*f - 360, 5*z + f - u = 0. Suppose -5*s = 5*a - z, 4*s - 6 = 6. Is a a prime number?
True
Suppose 4*w + t + t = 8728, -3*t = 6. Is w a prime number?
False
Suppose -4*s - s = -10, 3*s = -3*m + 4476. Suppose 0 = -5*o + 6*o - m. Suppose 0 = -6*v + 1612 + o. Is v a prime number?
False
Let r(c) = -c**3 - 9*c**2 + 5. Let w be r(-9). Suppose l - 4*l + 80 = 4*i, 5*i = l + w. Suppose -d + l = 5*a - 89, 0 = 5*d - 3*a - 601. Is d a composite number?
True
Suppose 4*i + t - 25945 = 0, 0 = -3*i - 5*t + 14727 + 4719. Is i a composite number?
True
Let w be (14 - -1)*14/(-21). Let j = -2 - w. Suppose 7*i + 14 = j*i. Is i a prime number?
False
Is (-12)/4 - (-858 + 0 + 2) a prime number?
True
Let w(b) = 6 + 71*b**2 - 2 + 2*b + 58*b**2. Is w(3) composite?
False
Suppose 4*q = -3*m + 29, -3*q + 4*q = 2*m - 12. Suppose 0 = m*p - 6*p - 1115. Is p a composite number?
True
Suppose -6*g - 1 = -13. Suppose 0 = -y - x + 45, 4*x + 108 = 4*y - 2*y. Is 6/g + (y - -2) a composite number?
False
Let b(c) = 3 - 3 + 126*c + 5. Is b(7) prime?
True
Suppose 0 = 15*z - 19772 - 12163. Is z prime?
True
Let i(v) = v**3 + 7*v**2 - v - 22. Let k be i(-9). Let d = 354 + k. Is d a composite number?
False
Let p = -39 - -40. Is ((-6)/4 + p)/(2/(-2348)) prime?
True
Suppose 0 = 3*v - 2*k - 18, 2*v - 3*k - 11 = -2*k. Suppose v*c + c = 300. Suppose 5 - c = -5*i. Is i a prime number?
True
Suppose -3339 = -11*t + 5296. Is t a composite number?
True
Let b(g) = g**3 + 12*g**2 + g + 16. Let o be b(-12). Suppose -l - l + 4826 = 3*x, o*x = 0. Is l a composite number?
True
Let r(k) = k**2 - k + 181*k**3 - 94*k**3 + 6 - 2*k - 88*k**3. Suppose -2*d - 21 = d. Is r(d) composite?
False
Let f(k) = -71*k**3 + 6*k**2 + k - 3. Is f(-2) prime?
True
Suppose q + 4*v = 5*q - 12, 2*q - v = 5. Suppose 7*t + c - 5411 = 2*t, q*t + 2*c = 2166. Is t a composite number?
True
Let n = -1302 + 1843. Is n composite?
False
Is (-795398)/(-31)*-3*3/(-18) a composite number?
False
Let v(x) = -x**3 - 3*x**2 - 3*x. Let k be v(-2). Suppose k*n - 4*n + 414 = 0. Suppose -5*b + j = -333, -2*j = 5*b - 546 + n. Is b a prime number?
True
Is 21558 - (-9 + (5 - -1)) composite?
True
Let r = -42 + 45. Is 22 + -3 + r*4/6 prime?
False
Suppose 143*c = 161*c - 499194. Is c prime?
True
Let c(n) = 763*n + 2. Let f be c(-6). Is f/(-6) - -7 - 4/6 a composite number?
False
Let j(b) = 116*b**2 - b - 1. Let n be j(2). Let z(x) = -3*x**2 - 11*x - 16. Let k be z(7). Let f = n + k. Is f a prime number?
False
Let l = -18 + 22. Suppose 6*a - 2*a + 12 = -l*n, -n - 5*a + 5 = 0. Is -9 - n - (-431 + 0) a composite number?
True
Let l be ((-2811)/(-5))/((-10)/(-50)). Suppose -624 = -3*u + l. Is u composite?
True
Let f(o) = 1030*o**3 - 8*o**2 + 8*o + 1. Is f(3) prime?
True
Suppose 9*g - 6*g = 501174. Is (-3)/(-30) + g/20 a composite number?
False
Is ((-41218)/(-111))/((-2)/(-6)) a prime number?
False
Let k = 5483 - 3544. Suppose -3*t + k = 4*q, 3072 + 165 = 5*t + 4*q. Is t a prime number?
False
Let b be (2/(-3))/((-18)/891). Suppose 0 = x - 3 - 2, -5*x = 2*s - b. Suppose -3*w + w + 140 = -2*z, 0 = -z + s. Is w a composite number?
True
Suppose 3*g = -2*h - 2*h - 3237, -15 = 5*g. Let j = h + 2500. Is j composite?
False
Suppose 5*o = -5*r + 246 + 3004, -r - 1291 = -2*o. Is o prime?
True
Let k(h) = 2*h - 14. Let d be k(8). Let g be ((-2)/5)/(d/(-50)). Suppose v = -s - 2*v + 80, 2*v = g. Is s a composite number?
True
Let r = -10 - -12. Let s(u) = u**2 - 3*u - u**r - 1 + 3*u**2 + 6. Is s(-8) prime?
False
Let s(k) = -2*k + 290. Let b be s(0). Is 2 + (b - -4 - 3) a prime number?
True
Let f be 118*(-1 + 2 + -3). Let o = f + 378. Is o a prime number?
False
Is (-438)/30 - -14 - (-13988)/5 a prime number?
True
Suppose s - 2034 - 77 = 3*h, 4*h = -5*s + 10479. Is s a composite number?
False
Let a(x) = -x**3 + 2*x**2 - 31*x + 6523. Is a(0) prime?
False
Let f be (-1)/(-7) - (-100)/35. Suppose 10*h = f*h. Suppose 5*i + 5*l - 434 - 266 = h,